o).
-2
Let l(q) = -1 - q - 4*q + 4*q. Let a(u) = -910 - 2*u - 883 + 1794. Let p(z) = -a(z) - 2*l(z). Determine p(-3).
-11
Let h(x) = 2*x + 1755*x**2 - 5156*x**2 + 0*x + 1638*x**2 - x**3 + 1755*x**2 + 12. Suppose g + 5*o + 8 = 0, -4*g + 4*o - 6 = 26. Determine h(g).
-4
Let t(p) = 0 + 68*p + p**2 - 206*p - 13 + 69*p + 70*p. What is t(6)?
29
Suppose -26*b - 759 = 43*b. Let l(q) = 2*q**2 + 20*q + 42. Calculate l(b).
64
Let v(n) be the first derivative of 13 - 7/2*n**2 + 2/3*n**3 - 8*n. Let p(t) = t**3 - 4*t**2 + t + 2. Let z be p(4). Give v(z).
22
Let z(n) = -21*n**2 + 2455*n + 232. Let s be z(117). Let l(i) = -9*i + 1. Let y(u) = 17*u - 1. Let m(h) = 5*l(h) + 3*y(h). Give m(s).
-10
Let c(j) = -j**2 - 4*j + 7. Let t(i) = 3*i**2 + 10*i + 22 - 94 + 31 + 19. Let h(x) = -11*c(x) - 4*t(x). Determine h(8).
-21
Let t = 7 + -8. Suppose 0 = 4*w, 3*a + 8 + 7 = w. Let h(i) = 13*i + 8. Let p(z) = 13*z + 10. Let m(d) = a*h(d) + 4*p(d). Determine m(t).
13
Let j be 162/24 - 3/4. Let l be (-2*1)/(8 - j). Let t be 1/(1/(-3)) - (-2)/l. Let x(w) = 3*w + 4. Determine x(t).
-11
Let l(d) = -d + 2*d - 23 - 20 + 5*d - 7*d. Calculate l(-21).
-22
Suppose -6*a = 14*a - 760. Suppose 3*j = -5*n - j + 199, -4*j = -4. Let i = a - n. Let s(x) = x**2 - x - 1. Determine s(i).
1
Let d(u) be the first derivative of 2*u**3/3 + 19*u**2/2 + 3*u - 92. Calculate d(-9).
-6
Let u(y) = -y**3 + 4*y + 2. Let s(b) = 2*b**3 + 2*b**2 + 2*b + 1. Let w(o) = -o**3 + o. Let v(t) = s(t) + 3*w(t). Let q(z) = 3*u(z) - 2*v(z). Give q(-4).
-4
Suppose -4*z + 8 = 26*b - 25*b, 8 = b + 2*z. Let w(n) = n**3 - 8*n**2 + n - 22. Calculate w(b).
-14
Let o(b) = b**3 + 2*b**2 + b - 3. Let c(n) = n**3 + 5*n**2 - 9*n - 1. Let x be c(2). Suppose j = -j + 10, -3*j + x = 2*l. Calculate o(l).
-15
Let a(x) = -11*x + 9. Let d(l) = -22*l + 15. Let r(v) = 5*a(v) - 3*d(v). Let g(h) = -h**2 + 2*h - 1. Let s be g(2). Determine r(s).
-11
Suppose 0 = 5*i + 2 - 47. Let y(h) = -11*h + 29 - i*h**2 + 17*h**2 - h**3 - 24. Give y(7).
-23
Let p(c) = 7*c**2 + 23*c - 3. Let b(r) = 10*r**2 + 34*r - 4. Let u(v) = 5*b(v) - 7*p(v). Let k(n) = 17*n**2 + 716*n + 75. Let h be k(-42). What is u(h)?
1
Let q(c) = 16*c + 79. Let f(v) = 5*v + 26. Let t(h) = 8*f(h) - 3*q(h). Let p be t(7). Let j = -89 - p. Let b(z) = z**3 + 4*z**2 + 4*z + 2. Give b(j).
-14
Let z(y) = -y**3 + y**2 + 2*y - 2. Let b(n) = n**3 + 21*n**2 - 3*n + 39. Let r be b(-21). Suppose 0 = 3*m - r - 30. Let w = m - 41. What is z(w)?
-14
Let h = 178 + -191. Let n(m) = m**2 - m**3 + 2 - 15*m**2 + 9*m - 8 - 46*m + 23*m. Give n(h).
7
Let m(v) = 5*v - 5. Let j(u) = 99*u - 187*u + 99*u - 10. Let c(s) = 4*j(s) - 9*m(s). Let f = 1 - -4. Calculate c(f).
0
Let j(d) = 7*d**3 - 7*d**2 - 9*d - 9. Let g(n) = 3*n**3 - 4*n**2 - 4*n - 4. Suppose 5*m + 5 = 0, 3*m = 4*t - 4 + 21. Let p(v) = t*g(v) + 2*j(v). Give p(6).
14
Let t(o) = o**2 - 7*o + 9. Let p be ((-17)/34)/(2 - 15/8). Let m be ((-1)/((-3)/6))/(p/(-6)). Let l be (-2)/m + (-100)/(-15). Determine t(l).
3
Let t(m) = -2*m**3 + 2*m**2 + 2*m - 3. Let j be ((-26)/(-4) + -6)*-234. Let s = 119 + j. Give t(s).
-7
Let j = 2 - 3. Let r(p) be the first derivative of -p**3 - p**2/2 - 182682. Calculate r(j).
-2
Suppose 5*m - m + 3*o = 17, 0 = 2*o - 6. Let p(l) = -l**m + 35*l - 17*l - 9*l + 7 - 6*l. Determine p(6).
-11
Let r(k) = k**3 + 9*k**2 + 7*k - 7. Let w be r(-8). Suppose -4*o = w + 3. Let v(h) = -4*h - 1 - 28*h + 17*h + 11*h. Calculate v(o).
3
Let d(s) = s**3 - 8*s**2 + 6*s + 10. Let x(q) = q**3 + 3*q**2 + 2*q + 6. Let n be x(-3). Suppose b - 7 = -n*b. Give d(b).
3
Suppose 3*t = -r - 0*r + 1, -4*r = t + 7. Let f(a) = -a**2 + 1 + t - a**3 + 2. Let d(y) = -y**3 - 109*y**2 + 690*y. Let u be d(-115). Determine f(u).
4
Let o(j) = 1073*j + 84 + 2*j**2 - 3171*j + 1058*j + 1059*j. Give o(-6).
42
Let w(a) be the first derivative of 2*a**2 - 23 + a**3 - 1/4*a**4 + 0*a. Suppose 3*d = 2*k + 2*k - 22, -2 = -2*k - 3*d. What is w(k)?
0
Let q(i) = -10*i - 23. Let o(l) = -43*l - 96. Let s(y) = 3*o(y) - 13*q(y). Calculate s(-12).
-1
Let d(w) = 17*w - 7. Let p(k) = 10614*k + 1 - 17 - 10578*k. Let r(y) = -9*d(y) + 4*p(y). What is r(1)?
-10
Let g(w) be the second derivative of -7/12*w**4 + 5*w - 4/3*w**3 - 5/2*w**2 - 1/20*w**5 - 10. Let c = -13 - -7. What is g(c)?
7
Let j = 2616 + -2606. Let o(d) be the first derivative of 9 + 1/2*d**2 + j*d - 1/3*d**3. Calculate o(0).
10
Let f(j) = 10*j**2 - 10*j + 5. Let u(x) = x**2 - 4*x + 3. Let a(i) = f(i) - 2*u(i). Calculate a(1).
5
Let c(a) = 2*a**2 - 3. Let x(o) = -11*o**2 - 48*o + 229. Let i(w) = 5*c(w) + x(w). Give i(-52).
6
Let q(c) be the first derivative of 0*c + 12 + 1/6*c**3 + 3/2*c**2 - 1/12*c**4. Let x(v) be the second derivative of q(v). Determine x(4).
-7
Let i = -23492 + 46987/2. Let w(u) be the second derivative of -1/6*u**3 - 4*u + i*u**2 + 0. Calculate w(-4).
7
Suppose 3*q - 72 = 66 - 132. Let d(p) = 9*p**3 + 3*p - 2. Calculate d(q).
76
Let s = 9 + -16. Let m(i) be the first derivative of 1/4*i**4 + 8*i + 1/2*i**2 + 584 + 7/3*i**3. Calculate m(s).
1
Let l(q) = -q - 9. Let s be l(-11). Let k(o) = 11 + 58*o - 5 - 51*o + o**s. Give k(-5).
-4
Let s(l) be the first derivative of l**3/3 - 3*l**2 - 2*l - 126. Let y = -10 - -7. Let d be -21*((-30)/9 - y). Give s(d).
5
Let h(a) = -a**3 - 8*a**2 - 3*a - 12. Suppose 12*i + 26 = 22 - 68. What is h(i)?
-66
Let r be ((-6)/(-4))/((-1)/4). Let u = 452 + -448. Let a(q) = -31*q**3 - 2*q**2 - u*q**2 + q**2 + 30*q**3 + 1 + 4*q + 0*q**2. Determine a(r).
13
Let m(k) = 1247 + 55*k - 2*k**2 + 1249 + 1256 - 3732. Give m(28).
-8
Let s be (0 + -7)/(0 + 1) - (-3509)/484. Let g(m) be the third derivative of -1/3*m**3 + 35*m**2 + 0*m - 7/60*m**5 - 1/120*m**6 - s*m**4 + 0. Give g(-6).
-2
Let f(c) be the second derivative of 21*c**4/4 + c**3/2 + 3*c**2/2 + c + 1028. Calculate f(-1).
63
Suppose -4*i - 117 = 99. Let o = -58 - i. Let p(z) = -z**3 - 4*z**2 - 1. Give p(o).
-1
Suppose -2 = -11*w + 9. Suppose 4*d + 2 - 4 = -3*y, 16 = 3*d - 5*y. Let h(g) = -d*g - g - g. Calculate h(w).
-4
Let l = 116 - 111. Let z(x) = -3*x**2 + x - 61*x**3 + l - 7 + 62*x**3. Calculate z(2).
-4
Let s(j) be the second derivative of -j**4/12 - j**2/2 - 27*j. Let v(u) = 7*u**2 - 6*u. Suppose 0 = -a - 4 + 5. Let w(y) = a*v(y) + 6*s(y). What is w(7)?
1
Let d = 14295 + -14294. Let s be 6/(-3) + 2 + 6. Let j(w) = 11*w + 7. Let r(o) = -22*o - 13. Let p(u) = s*r(u) + 11*j(u). Calculate p(d).
-12
Suppose -15 - 99 = 19*x. Let l be ((-20)/x)/(100/(-150)). Let o(j) = 2*j + 7. Give o(l).
-3
Let r(z) be the second derivative of -z**5/5 - z**3 - 3*z**2/2 - 8*z + 5. Let n(v) = -3*v**3 - 5*v - 2. Let p(q) = -3*n(q) + 2*r(q). Calculate p(-3).
-36
Let f(g) be the third derivative of g**3 + 2*g**2 + 0 - 1/120*g**6 + 0*g + 1/24*g**4 - 1/10*g**5. Suppose 564 = -57*l - 37*l. What is f(l)?
0
Let l be (4/10)/((-4)/60). Let k(c) = -c**3 - 6*c**2 - 2*c - 10. Let p be k(l). Let y(u) = -u**3 + p*u**2 - 2*u - u + 2 + 0*u**2 - u. Determine y(2).
-6
Let y(h) = 359*h - 59 - h**3 + 8*h**2 + 40 - 357*h. Determine y(8).
-3
Let h(w) be the first derivative of -8*w**2 - 136*w + 5238. What is h(-9)?
8
Let z(w) = 7*w + 3. Let n = 550 - 550. Suppose -3*s - 2*h + 20 = n, -5*s = -h - 38 + 9. Determine z(s).
45
Let w(n) be the second derivative of -n**5/20 + 7*n**4/12 - n**3/2 + 15*n**2/2 - 149*n. What is w(7)?
-6
Let i(l) be the third derivative of 13*l**4/24 + 19*l**3 + 3011*l**2. Determine i(-8).
10
Let j be ((-4 - -9)/(-5))/((-4)/12). Let x(y) = y**j + 42166*y - 42165*y - 11 + 2. What is x(0)?
-9
Suppose -9*n = -11*n + w + 47, -w + 109 = 4*n. Suppose -n*q = -13 + 65. Let o(y) = 14*y + 1. Give o(q).
-27
Let u(w) be the second derivative of -1/6*w**3 - w + 3 + 11*w**2. Calculate u(0).
22
Let y(r) = r**2 + 10*r - 280. Let s be y(12). Let o(i) = 2*i**3 + 31*i**2 - 20*i - 57. Calculate o(s).
7
Let w(k) = 2*k**2 + 12*k + 9. Let a be (-1 - 3) + 28/98*-7. Determine w(a).
9
Let l(d) = -8*d + 112. Let v(p) = 16*p**3 + 37*p**2 - 40*p + 2. Let i be v(1). Give l(i).
-8
Let k(h) be the second derivative of h**4/12 + h**3 - h**2/2 + h. Suppose -254*n + 5*j - 63 = -251*n, -2*j = -8*n - 66. Determine k(n).
-1
Suppose -2*u = -41*l + 46*l + 19, -5*l = 4*u + 13. Let n(r) = -5*r - 17. Calculate n(l).
8
Let n(b) be the third derivative of -b**6/120 + 11*b**5/30 + 29*b**4/24 - 45*b